tor of 2514786 and 66734?
122
Calculate the greatest common divisor of 311486268 and 13935.
2787
Calculate the greatest common divisor of 34337540 and 1115.
1115
Calculate the highest common factor of 17085786 and 444.
222
Calculate the greatest common factor of 57250697 and 127379.
4109
Calculate the highest common factor of 192489586 and 43.
43
Calculate the highest common factor of 49206440 and 815.
815
Calculate the greatest common factor of 536 and 6472744.
8
Calculate the highest common divisor of 43785697 and 1.
1
What is the greatest common factor of 1839 and 310958349?
1839
Calculate the highest common divisor of 103567565 and 1060.
265
What is the greatest common factor of 1112 and 198411936?
1112
Calculate the highest common divisor of 1175 and 6893725.
1175
Calculate the highest common divisor of 175422812 and 1652.
236
What is the greatest common divisor of 2480826 and 483?
69
What is the greatest common divisor of 85 and 86978035?
85
What is the highest common factor of 842508 and 6725?
269
What is the greatest common factor of 1525778 and 21685270?
12014
What is the highest common factor of 4287610 and 2790?
310
What is the greatest common divisor of 6818 and 2783102?
14
What is the highest common divisor of 512 and 59934496?
32
What is the greatest common divisor of 4273659 and 1404?
117
Calculate the highest common divisor of 183 and 135615505.
61
Calculate the highest common factor of 12 and 1713690.
6
What is the greatest common divisor of 36864 and 34938?
18
Calculate the greatest common factor of 1113 and 264589038.
1113
Calculate the highest common divisor of 42001815 and 2550.
255
What is the greatest common divisor of 409395 and 14899750?
2785
Calculate the greatest common factor of 833 and 198767961.
833
Calculate the greatest common divisor of 1009920 and 163840.
1280
What is the highest common factor of 4946 and 321630961?
2473
Calculate the greatest common factor of 228 and 824706.
6
Calculate the highest common factor of 2238742 and 3364.
1682
What is the highest common divisor of 1841292 and 900?
36
Calculate the greatest common factor of 150816 and 33312.
96
What is the greatest common factor of 646203 and 73461?
141
Calculate the greatest common divisor of 930 and 19130805.
15
Calculate the highest common factor of 621 and 115371.
27
What is the highest common factor of 546065 and 13650?
65
What is the highest common factor of 541776 and 76608?
48
Calculate the highest common divisor of 3897720 and 17982.
486
What is the highest common divisor of 616047620 and 2?
2
What is the highest common factor of 2073480 and 11675?
2335
Calculate the greatest common divisor of 2092857 and 377598.
4017
What is the highest common divisor of 1149108 and 129?
3
What is the highest common factor of 648 and 8480184?
24
What is the greatest common divisor of 133040 and 22960?
80
What is the highest common divisor of 46332 and 118572012?
4212
What is the greatest common factor of 8167698 and 1078?
154
What is the greatest common divisor of 12 and 15539478?
6
What is the highest common divisor of 810460940 and 820?
820
Calculate the greatest common divisor of 34360382 and 43934.
3994
What is the greatest common factor of 19943 and 18900133?
49
Calculate the greatest common divisor of 2283814 and 45526.
442
What is the highest common divisor of 3410 and 44675774?
682
Calculate the highest common divisor of 186155 and 657665.
155
What is the highest common divisor of 28260 and 55530?
90
What is the highest common factor of 1640 and 152824120?
40
Calculate the greatest common divisor of 1595 and 941166.
29
Calculate the greatest common factor of 10160 and 40369744.
2032
What is the greatest common divisor of 18853 and 2180294?
1109
What is the highest common factor of 772 and 43768?
4
What is the highest common factor of 2142795275 and 10525?
10525
Calculate the highest common divisor of 1713 and 255237.
1713
What is the highest common factor of 57164 and 1095336?
1844
Calculate the highest common factor of 10 and 377086285.
5
Calculate the highest common factor of 3249864 and 612.
36
Calculate the highest common divisor of 13693685 and 2115.
235
What is the greatest common factor of 336 and 15307392?
48
What is the greatest common divisor of 42320232 and 30?
6
What is the greatest common factor of 9444 and 1253652?
12
Calculate the greatest common factor of 278478 and 31944.
6
What is the greatest common factor of 473432 and 70344?
8
What is the greatest common divisor of 23 and 10685984?
23
Calculate the highest common divisor of 70662 and 214.
2
What is the highest common divisor of 186 and 1424642727?
93
What is the highest common divisor of 646 and 8528587?
19
What is the highest common factor of 2235296 and 134368?
544
Calculate the highest common divisor of 190 and 25479095.
95
Calculate the highest common divisor of 2107101 and 8150.
163
Calculate the greatest common divisor of 512 and 53264.
16
Calculate the highest common divisor of 9865 and 312047707.
1973
Calculate the greatest common divisor of 542 and 1646.
2
What is the greatest common divisor of 42568911 and 231?
231
Calculate the greatest common divisor of 31009910 and 5.
5
Calculate the greatest common divisor of 5916 and 49416.
348
Calculate the greatest common factor of 1849780 and 95.
5
Calculate the highest common factor of 3628542 and 828.
6
What is the highest common divisor of 146750 and 90?
10
What is the greatest common factor of 3427057 and 602?
43
What is the highest common divisor of 523892 and 17?
1
What is the greatest common factor of 3541356 and 156?
156
What is the greatest common divisor of 3156771 and 66676?
211
What is the greatest common factor of 53336 and 146222?
226
What is the highest common divisor of 147 and 20602883?
49
What is the greatest common factor of 2279385 and 60?
15
What is the highest common factor of 36816920 and 280?
280
Calculate the highest common divisor of 105167645 and 55.
55
What is the highest common factor of 185141340 and 1850?
370
Calculate the greatest common divisor of 12176 and 2446896.
16
Calculate the highest common factor of 51357924 and 1184.
148
What is the highest common factor of 14384 and 14509048?
232
Calculate the greatest common divisor of 37209366 and 36.
18
Calculate the greatest common factor of 6208 and 72256.
64
What is the highest common divisor of 156111 and 9415636?
3061
Calculate the highest common factor of 48 and 1216857336.
24
Calculate the highest common factor of 3613987 and 1170.
13
Calculate the highest common factor of 17119947 and 1885.
377
What is the highest common divisor of 90072 and 32805?
81
Calculate the highest common divisor of 1929839965 and 7855.
7855
Calculate the highest common factor of 301682 and 45766.
934
Calculate the highest common factor of 405768 and 17504168.
2552
What is the greatest common divisor of 991800 and 1125?
225
Calculate the greatest common divisor of 119 and 25671226.
7
Calculate the highest common divisor of 438774 and 62.
62
Calculate the greatest common divisor of 105684728 and 216.
8
Calculate the highest common divisor of 918260052 and 124.
124
What is the highest common divisor of 562112472 and 24?
24
What is the highest common divisor of 241898 and 164162?
158
Calculate the greatest common divisor of 113945 and 12800.
5
Calculate the highest common factor of 277 and 225956102.
277
What is the greatest common divisor of 1447836 and 156?
156
Calculate the highest common factor of 393040 and 4240.
80
What is the highest common factor of 7705 and 7076540?
335
Calculate the highest common factor of 11221551 and 77.
11
What is the highest common divisor of 900 and 5984500?
100
Calculate the greatest common factor of 7225 and 4075.
25
Calculate the greatest common factor of 1460248 and 33400.
1336
Calculate the highest common divisor of 269134 and 1590.
106
What is the highest common divisor of 11359876 and 26928?
748
What is the highest common factor of 1083495 and 11949?
21
Calculate the greatest common divisor of 7254746 and 530.
106
What is the highest common factor of 157711790 and 1410?
470
Calculate the greatest common divisor of 5 and 22777975.
5
What is the highest common factor of 196548 and 12892?
44
Calculate the greatest common factor